 the tens digit of 864?
6
What is the units digit of 45870?
0
What is the hundreds digit of 951?
9
What is the units digit of 999?
9
What is the units digit of 5925?
5
What is the tens digit of 139819?
1
What is the hundreds digit of 650?
6
What is the units digit of 79159?
9
What is the tens digit of 65002?
0
What is the thousands digit of 5274?
5
What is the hundreds digit of 435?
4
What is the tens digit of 20571?
7
What is the tens digit of 2442?
4
What is the units digit of 1200?
0
What is the hundreds digit of 176?
1
What is the tens digit of 25553?
5
What is the tens digit of 41253?
5
What is the units digit of 940?
0
What is the hundreds digit of 599?
5
What is the ten thousands digit of 75685?
7
What is the tens digit of 37456?
5
What is the ten thousands digit of 11618?
1
What is the thousands digit of 44814?
4
What is the units digit of 1982?
2
What is the thousands digit of 39135?
9
What is the tens digit of 4422?
2
What is the units digit of 172518?
8
What is the ten thousands digit of 30583?
3
What is the tens digit of 9623?
2
What is the hundreds digit of 370?
3
What is the thousands digit of 1814?
1
What is the tens digit of 63?
6
What is the hundreds digit of 16154?
1
What is the tens digit of 10969?
6
What is the hundreds digit of 2654?
6
What is the units digit of 78211?
1
What is the tens digit of 4076?
7
What is the thousands digit of 10961?
0
What is the tens digit of 68983?
8
What is the tens digit of 6020?
2
What is the units digit of 20763?
3
What is the thousands digit of 3864?
3
What is the hundreds digit of 1088?
0
What is the units digit of 101006?
6
What is the units digit of 10703?
3
What is the hundreds digit of 444?
4
What is the units digit of 30604?
4
What is the units digit of 622?
2
What is the tens digit of 84195?
9
What is the thousands digit of 2480?
2
What is the ten thousands digit of 18737?
1
What is the thousands digit of 1724?
1
What is the units digit of 37209?
9
What is the tens digit of 974?
7
What is the units digit of 3389?
9
What is the ten thousands digit of 39988?
3
What is the thousands digit of 1985?
1
What is the units digit of 5150?
0
What is the units digit of 34947?
7
What is the ten thousands digit of 21139?
2
What is the units digit of 23641?
1
What is the hundreds digit of 895?
8
What is the tens digit of 2060?
6
What is the tens digit of 177646?
4
What is the units digit of 35341?
1
What is the hundreds digit of 562?
5
What is the hundreds digit of 9511?
5
What is the hundreds digit of 10315?
3
What is the hundreds digit of 68485?
4
What is the units digit of 91217?
7
What is the thousands digit of 8234?
8
What is the hundreds digit of 694?
6
What is the hundreds digit of 52356?
3
What is the tens digit of 1868?
6
What is the thousands digit of 2365?
2
What is the units digit of 11?
1
What is the units digit of 18176?
6
What is the hundreds digit of 397?
3
What is the ten thousands digit of 12400?
1
What is the ten thousands digit of 54553?
5
What is the units digit of 2?
2
What is the ten thousands digit of 204338?
0
What is the hundreds digit of 2059?
0
What is the ten thousands digit of 61428?
6
What is the units digit of 732?
2
What is the tens digit of 2334?
3
What is the ten thousands digit of 13390?
1
What is the tens digit of 11066?
6
What is the units digit of 780?
0
What is the hundreds digit of 876?
8
What is the hundreds digit of 27374?
3
What is the thousands digit of 3122?
3
What is the units digit of 2500?
0
What is the units digit of 41358?
8
What is the units digit of 26546?
6
What is the hundreds digit of 9917?
9
What is the units digit of 1076?
6
What is the tens digit of 1311?
1
What is the units digit of 8759?
9
What is the thousands digit of 33752?
3
What is the thousands digit of 2954?
2
What is the units digit of 10469?
9
What is the hundreds digit of 5264?
2
What is the hundreds digit of 51162?
1
What is the hundreds digit of 6415?
4
What is the tens digit of 9638?
3
What is the tens digit of 33810?
1
What is the units digit of 10948?
8
What is the tens digit of 286?
8
What is the hundreds digit of 21844?
8
What is the thousands digit of 2962?
2
What is the units digit of 2921?
1
What is the units digit of 21041?
1
What is the units digit of 7759?
9
What is the thousands digit of 2250?
2
What is the thousands digit of 39829?
9
What is the thousands digit of 1532?
1
What is the hundreds digit of 105497?
4
What is the tens digit of 5001?
0
What is the hundreds digit of 6286?
2
What is the tens digit of 31962?
6
What is the units digit of 16207?
7
What is the hundreds digit of 292?
2
What is the thousands digit of 176491?
6
What is the tens digit of 21589?
8
What is the thousands digit of 22308?
2
What is the hundreds digit of 5043?
0
What is the hundreds digit of 821?
8
What is the ten thousands digit of 60534?
6
What is the thousands digit of 104124?
4
What is the hundreds digit of 76676?
6
What is the units digit of 126?
6
What is the units digit of 4975?
5
What is the units digit of 152?
2
What is the tens digit of 1774?
7
What is the tens digit of 1918?
1
What is the thousands digit of 7786?
7
What is the ten thousands digit of 21829?
2
What is the thousands digit of 5036?
5
What is the tens digit of 4514?
1
What is the ten thousands digit of 64797?
6
What is the hundreds digit of 6027?
0
What is the thousands digit of 39378?
9
What is the tens digit of 752?
5
What is the tens digit of 303?
0
What is the units digit of 97384?
4
What is the units digit of 2002?
2
What is the tens digit of 9545?
4
What is the hundreds digit of 17167?
1
What is the units digit of 1013?
3
What is the ten thousands digit of 52379?
5
What is the units digit of 67?
7
What is the thousands digit of 7637?
7
What is the tens digit of 5747?
4
What is the units digit of 41039?
9
What is the ten thousands digit of 35176?
3
What is the units digit of 571?
1
What is the hundreds digit of 671?
6
What is the units digit of 7156?
6
What is the ten thousands digit of 11253?
1
What is the ten thousands digit of 16148?
1
What is the units digit of 6702?
2
What is the thousands digit of 30022?
0
What is the units digit of 2307?
7
What is the units digit of 97782?
2
What is the ten thousands digit of 38978?
3
What is the hundreds digit of 296?
2
What is the thousands digit of 5314?
5
What is the ten thousands digit of 11848?
1
What is the tens digit of 98?
9
What is the units digit of 247?
7
What is the units digit of 3987?
7
What is the units digit of 1786?
6
What is the thousands digit of 9266?
9
What is the units digit of 741?
1
What is the tens digit of 820?
2
What is the units digit of 10066?
6
What is the ten thousands digit of 20272?
2
What is the hundred thousands digit of 145239?
1
What is the thousands digit of 1551?
1
What is the tens digit of 105302?
0
What is the thousands digit of 9064?
9
What is the thousands digit of 46804?
6
What is the units digit of 35911?
1
What is the hundreds digit of 721?
7
What is the thousands digit of 38642?
8
What is the hundreds digit of 18318?
3
What is the units digit of 93200?
0
What is the units digit of 279?
9
What is the units digit of 3331?
1
What is the tens digit of 3436?
3
What is the units digit of 7081?
1
What is the thousands digit of 12547?
2
What is the tens digit of 210?
1
What is the units digit of 5?
5
What is the tens digit of 119147?
4
What is the thousands digit of 21087?
1
What is the units digit of 66015?
5
What is the units digit of 19157?
7
What is the tens digit of 4372?
7
What is the units digit of 223?
3
What is the ten thousands digit of 48856?
4
What is the units digit of 1525?
5
What is the hundreds digit of 799?
7
What is the thousands digit of 4050?
4
What is the thousands digit of 2521?
2
What is the tens digit of 18507?
0
What is the units digit of 662?
2
What is the tens digit of 139419?
1
What is the thousands digit of 4890?
4
What is the ten thousands digit of 21454?
2
What is the ten thousands digit of 12784?
1
What is the thousands digit of 1922?
1
What is the hundreds digit of 133947?
9
What is the thousands digit of 36076?
6
What is the thousands digit of 27813?
7
What is the tens digit of 8744?
4
What is the units digit of 22619?
9
What is the units digit of 812?
2
What is the hundreds digit of 1742?
7
